 l = 69 + -36. List the prime factors of l.
3, 11
Suppose -4*h + 223 = -a, -2*h + a + 167 = h. What are the prime factors of h?
2, 7
Suppose -13 + 71 = 2*c. List the prime factors of c.
29
Let k(v) = -v**3 - 11*v**2 + 13*v + 16. Let s be k(-12). Suppose 5*c - 35 = -4*i, s*i + 0 = 5*c + 45. What are the prime factors of i?
2, 5
Suppose y - 5*k = 6*y - 115, -4*k - 28 = -2*y. Suppose 10 = 3*v + 5*l, -v - 5*l - y = -4*v. List the prime factors of v.
5
Suppose -7 = -4*r + 4*b + 29, -5*b - 32 = -4*r. Let w(v) = 2*v - 14. What are the prime factors of w(r)?
2, 3
Suppose 2*n - 4*n = -20. Let z = -6 + n. List the prime factors of ((-26)/z)/((-3)/6).
13
Suppose 32 = 3*m - 7*m. Let c be 3/(-12) + 14/m. What are the prime factors of (3 + c)/((-2)/(-4))?
2
Suppose -10 = 5*t - 10*t. Suppose 0 = -5*g - b + 187, 3*b + 68 = t*g - 0*b. Suppose g - 4 = 3*h. What are the prime factors of h?
11
Let v(z) = 3 - 3*z + 0 + 4*z. List the prime factors of v(0).
3
Let t be 1 + -6*(-39)/6. Suppose 2*h = -3*m + 30 - 11, -4*m = -2*h + t. List the prime factors of h.
2, 7
Let d = 13 - 21. Let s(f) = -f + 5. What are the prime factors of s(d)?
13
Suppose -5*z - 3*x + 23 - 5 = 0, -3*x = -2*z + 3. Suppose 2*p = 4*g + 6 - 2, -z*p + 4*g = -8. List the prime factors of p.
2
Let j(y) = -y**2 + 4*y + 2. Let o be j(4). Let s = o - 0. Suppose -3*p - 3 = 0, -4*z + s*p = -3*p - 41. List the prime factors of z.
3
Suppose 0 = 2*g + 14 - 2. Let p(c) = -c + 3 - 2*c - 11. List the prime factors of p(g).
2, 5
Suppose -l + 12 = 2*l. Suppose 51 = 2*g - 3*v + 4, 54 = l*g + 2*v. List the prime factors of g.
2
Suppose 0 = -3*k + 2*i + 8, 5*k + 0*i = -2*i + 24. Suppose -30 = -5*y + 130. Suppose 8 + y = k*o. What are the prime factors of o?
2, 5
Suppose 3 + 5 = 4*u. Let v(j) = 6*j - 5. What are the prime factors of v(u)?
7
Let r = 8 + 21. List the prime factors of r.
29
Let t = -80 - -103. What are the prime factors of t?
23
Let s = 13 - 5. Suppose p - s = 12. Suppose -2*a = -4*y - 12 + 2, -5*y = 4*a - p. What are the prime factors of a?
5
Suppose -3*c = -82 + 1. List the prime factors of c.
3
Suppose 5*i - 2*a + 1 = 0, 4*i + 10 = -4*a - 2. List the prime factors of 1 - (i - (-3 + 20)).
19
Suppose -2*v = 3*v - 280. What are the prime factors of (v/10)/((-4)/(-10))?
2, 7
Let u(y) = -3*y. Suppose -2*q + 6*q + 4 = 0. What are the prime factors of u(q)?
3
Suppose -j + 6*j = 330. What are the prime factors of j?
2, 3, 11
Suppose -2 = 4*x - 10. Let d be (16/10)/((-2)/(-25)). Suppose -x*s + 3*g + 1 = 6, 0 = -3*s - g + d. List the prime factors of s.
5
Suppose -9*j + 1383 = 15. What are the prime factors of j?
2, 19
Let z = 141 - 82. What are the prime factors of z?
59
Let k = -115 - -170. List the prime factors of k.
5, 11
Let f(n) = -4*n + 12. What are the prime factors of f(-11)?
2, 7
Let o(x) = x + 5. Let s be o(-3). Suppose s*n + 0 - 8 = 0. List the prime factors of n.
2
Let z be (-4)/(-12)*-13*9. Let k = 69 + z. What are the prime factors of k?
2, 3, 5
Let l(d) be the first derivative of 5*d**2/2 + d - 1. Let n be 0 - (12/3 + -1 - 4). List the prime factors of l(n).
2, 3
Suppose -6 - 10 = -4*w. Suppose w*g - 99 = g. List the prime factors of g.
3, 11
Let c be (3/(-1))/((-1)/2). Suppose -r = r - c. Let q = 0 + r. What are the prime factors of q?
3
Let h(t) = -t**2 + 6*t + 7. Suppose -3*q + 13 - 4 = -4*p, -3*p + 5*q + 7 = 0. Let i = -1 - p. What are the prime factors of h(i)?
2, 3
Suppose -3*d = -0*d - 93. Suppose -61 = -4*r + d. What are the prime factors of r?
23
Let h be (-1)/(-3)*3 + -1. Suppose -3*i - 3 + 0 = h. What are the prime factors of ((-6)/18)/(i/33)?
11
Let p be 10*-18*(-2)/8. Let n be 10/p + 4/(-18). Suppose -5*m = h - 11, 11 + n = 4*m + 3*h. What are the prime factors of m?
2
Let d(r) = -4*r + r - r**3 - 9*r**2 + 9 + r. Let z be d(-9). Let w = z + -14. List the prime factors of w.
13
Suppose 0 = x - 2*x - 40. Let u = x + 60. List the prime factors of u.
2, 5
Suppose 12 + 42 = o. Suppose 2*j = -s + 7, 0*j = -3*j - 3*s + 12. Suppose -g = 5*a + g - 75, 3*a - o = -j*g. What are the prime factors of a?
13
Suppose 0 = -3*u + 6*u - 282. What are the prime factors of u?
2, 47
Let t(p) = 11*p**2 - 2*p - 3. Let k be t(-3). Suppose -5*n = 3*h - 4*h - 108, -k = -5*n - h. List the prime factors of n.
3, 7
Let c(t) = t**3 + 7*t**2 + 8*t + 4. Let n be c(-5). Suppose -3*d = -4*y - 41, y + n = d + 1. Suppose -k + d = -1. What are the prime factors of k?
2, 3
Let c = 19 + -11. List the prime factors of c.
2
Let j = 8 + -19. Let f = 80 - j. Suppose -5*w + f = -3*q + q, -62 = -4*w - 2*q. What are the prime factors of w?
17
Suppose -y + 2 + 3 = 0. Suppose 46 - 291 = -y*w. Suppose -w = -5*a - 14. What are the prime factors of a?
7
Suppose 5*l = 4*p + 4*l - 159, -4*l - 116 = -3*p. What are the prime factors of p?
2, 5
Let q = -5 - -5. Suppose q*i - 55 = -5*i. What are the prime factors of i?
11
Let h(o) = 0*o**2 - o**3 - o**2 + 0*o**2. Let n be h(-1). Suppose -3*k = -n*k - 63. List the prime factors of k.
3, 7
Suppose 2*d = 6*d - 20. Let g = d + -2. Suppose -g*j - 12 = -4*j. What are the prime factors of j?
2, 3
Suppose 3*o - 2 = 7. Suppose -o*q = -2*q - 20. List the prime factors of q.
2, 5
Let q(k) = 7*k - 5. List the prime factors of q(9).
2, 29
Let a(b) = -2*b - 13. Let v be a(-10). Suppose -v*l + 288 = -l. What are the prime factors of l?
2, 3
Let j be 0/2*(-8)/16. Suppose j*q + 13 = q. What are the prime factors of q?
13
Suppose 0 = -z + 5*s + 19, -7 + 1 = -2*z + 2*s. Let k be (-3 - -4) + (-2)/z. Suppose -2*g + k = -25. List the prime factors of g.
2, 7
Let r(y) = y - 1. Let z(t) = 4*t + 15. Let w(n) = -5*n - 16. Let v(i) = 5*w(i) + 6*z(i). Let u(k) = -3*r(k) - v(k). What are the prime factors of u(-5)?
3
Let o be 26/3 - (-8)/24. Let f = 1 - -1. What are the prime factors of 0 + o + (3 - f)?
2, 5
Suppose 0 = 3*a - a. Let k = a + 5. Suppose -2*c = -k*g + 33, -5*c + c = -g + 3. List the prime factors of g.
7
Let b = -13 + 45. What are the prime factors of b?
2
Let y(i) = -i**2 + 4*i - 6. Let n be y(5). Let j = -7 - n. Suppose 2*g - 2*c = 0, g - 12 = -j*c - c. List the prime factors of g.
2
Let z(r) be the third derivative of r**5/60 + 5*r**4/24 - 2*r**3 - 3*r**2. List the prime factors of z(-9).
2, 3
Suppose 4*q - q - 2*y + 52 = 0, 36 = -4*q - 4*y. Let j = 27 + q. What are the prime factors of j?
13
Let v(b) = b**3 - 5*b**2 - 9*b - 7. Let r be v(7). Suppose 3*x = 5*x - r. List the prime factors of x.
2, 7
Suppose 4*c - 45 = 3*c - d, 0 = -d - 2. What are the prime factors of c?
47
Let x = 19 - 1. What are the prime factors of x?
2, 3
Let f = 30 - 9. Let l = 46 + -31. Let i = f - l. List the prime factors of i.
2, 3
Suppose -4*r + 260 + 196 = 0. What are the prime factors of r?
2, 3, 19
Let z(j) = -8*j - 4. Let h = 2 + -5. Let n(k) = 9*k + 5. Let d(q) = h*n(q) - 4*z(q). List the prime factors of d(1).
2, 3
Let f be -1 - (4/(-2) - -7). Let m be (-20)/f*(-3)/(-2). Suppose 0 = m*q + 22 - 82. What are the prime factors of q?
2, 3
Suppose 0 = j + 5*m + 22, -j = j + 5*m + 19. Suppose -j*d = -5*d + 50. List the prime factors of d.
5
Suppose -2*y + 6 = -3*y. Let n = y + 9. Suppose -p = n*p - 20. What are the prime factors of p?
5
Let w(q) = -q**2 - 7*q - 2. Let h be w(-6). Suppose -a = -h*a + 12. Suppose -3*l + r + 22 = 0, -2*l + a*r = -13 - 15. What are the prime factors of l?
2, 3
Let n(j) = j**3 + 3*j**2 - j - 3. Let x be n(-3). Suppose 4*z = -4*h + 88, 0 = -2*z - x*z - 4*h + 42. List the prime factors of z.
23
Suppose 0 = -c + u - 4*u + 3, 3*c + u + 23 = 0. Let y(v) = v**3 + 9*v**2 - 6*v - 1. What are the prime factors of y(c)?
53
What are the prime factors of ((-1)/4)/(45/(-2340))?
13
Suppose 4*b = 3*b. Let r = -2 - b. List the prime factors of (0 - r) + 2 - 0.
2
Suppose -6*w = g - w - 42, 5*w + 330 = 5*g. List the prime factors of g.
2, 31
Let b be 1 + 12/(-3) + 3. Suppose s - 48 - 15 = 2*u, b = 3*u. Suppose 4*i - 80 = -5*g - 0*i, -4*g - 3*i = -s. What are the prime factors of g?
2, 3
Let p(u) = 14 - u + 2*u + 0*u. List the prime factors of p(0).
2, 7
Suppose 4*m + 3*p - 2*p = -9, 4*p - 3 = -3*m. What are the prime factors of 2 + 1/(m/(-24))?
2, 5
Suppose 4*o + 28 = -0*o. Let j = o + 39. List the prime factors of j.
2
Suppose 12 = 4*y, 2*g = 7*g + 3*y - 114. Suppose -2*m + 65 - g = 0. List the prime facto